 g be f(-4). Let m(p) = -p**2 - 12*p + 135. Calculate the remainder when 57 is divided by m(g).
3
Let w(y) = -2*y**2 - 4*y + 459. Let j be w(0). Suppose -j = -6*p - 93. What is the remainder when p is divided by 40?
21
Suppose -2*p + 5*l = -1184, -3*p + 20*l + 1803 = 17*l. Calculate the remainder when p is divided by 2.
1
Let w(h) = -197*h**3. Let x be w(1). Let a = -181 - x. What is the remainder when 54 is divided by a?
6
Suppose 33*o = 28*o + 110. Let r(l) = 5*l - 60. What is the remainder when r(o) is divided by 17?
16
Let s = 232 + -155. Let k be 5/(90/24)*(0 - -3). Suppose -55 = -k*g + s. What is the remainder when g is divided by 12?
9
Let z(p) = 21*p**2 + 1. Let d be z(1). Suppose -11*v = d*v - 1485. Calculate the remainder when v is divided by 42.
3
What is the remainder when 596 is divided by (336/63)/(14/28 - 2/(-12))?
4
Let n = -1861 - -2330. Calculate the remainder when n is divided by 100.
69
Let h = 221 - 228. Calculate the remainder when 26 is divided by (-4)/10*(h/1 - 8).
2
Suppose 0 = -23*j + 446 + 290. What is the remainder when 179 is divided by j?
19
Suppose 5*y - 15 = 15*v, -49 = -5*y + 4*v - 1. Calculate the remainder when 1303 is divided by y.
7
Suppose 2*h - 18 + 2 = 0. Suppose -h*c - 13 = -45. Suppose -r + 68 = -u, c*r = r + u + 194. Calculate the remainder when r is divided by 22.
19
Let d = 22 - 10. Calculate the remainder when (342/d)/((-3)/(-6)) is divided by 10.
7
Suppose 774*y + 4*h = 778*y - 132, -4*h = -16. Calculate the remainder when y is divided by 17.
3
Let v = -94877 + 94948. Let b = 57 - 32. What is the remainder when v is divided by b?
21
Let d(c) = c**2 + 22*c + 133. Calculate the remainder when 313 is divided by d(-17).
25
What is the remainder when 2406 is divided by (32/(-5) - -2)*2130/(-284)?
30
Suppose 0*p + 28 = 2*p + b, 5*b - 23 = -p. Suppose -27 = 205*l - 202*l. Let i = p + l. What is the remainder when 9 is divided by i?
1
Let o(l) = -440*l + 91. What is the remainder when o(0) is divided by 31?
29
Let b(p) = -5*p**2 + 60*p - 10. Calculate the remainder when b(9) is divided by 3/((-30)/8) - 1070/(-25).
41
Let s be (-6 - -7 - 2)*-35. Let j = 81 + s. What is the remainder when j is divided by 24?
20
Let r = -118 + 1. Let c = r - -181. Let p = c - 30. Calculate the remainder when 131 is divided by p.
29
Calculate the remainder when 1299*(5/(-10) + 30/36) is divided by 150.
133
Let f(p) = -248*p - 1905. Calculate the remainder when 169 is divided by f(-8).
11
Let v(z) = -z**3 + 30*z**2 - 30*z + 55. Suppose -103 - 274 = -3*y - 4*j, 4*y = 4*j + 484. What is the remainder when y is divided by v(29)?
19
Suppose l = 3*n - 475, 116*l = -3*n + 121*l + 479. Calculate the remainder when n is divided by 86/3 - 2/3.
18
Suppose 0 = -7*b + 8*b. Suppose -2*n + 24 - 16 = 0, b = -4*x + 5*n + 640. Calculate the remainder when x is divided by 42.
39
Let r = -50 - -141. Suppose 21*a = 8*a + 1144. Let d = r - a. What is the remainder when 5 is divided by d?
2
Suppose -11*x - 16188 = -21086 - 22448. What is the remainder when x is divided by 89?
83
Suppose -12*x + 7*x = 335. Let b = x - -69. Suppose 0 = -2*g - b*a + 78, -g + 52 = 4*a + 4. Calculate the remainder when 141 is divided by g.
33
Suppose 119*s - 44*s = -149*s + 976192. Calculate the remainder when s is divided by 20.
18
Let t(w) = -46*w**3 + 2*w**2 + 5*w + 1. Suppose -3*f + 5*f + 79 = 3*y, 2*f = -5*y + 105. Calculate the remainder when t(-2) is divided by y.
22
Suppose -3*o - 2*l = -5*o - 82, -4*l = 4*o + 148. What is the remainder when 73 is divided by (o + 3 + (-1 - 1))/(-1)?
35
Let j = 1401 - 1396. Calculate the remainder when 617 is divided by j.
2
Suppose 0 = 22*p + 53*p. Suppose -5*n + g + 292 = p, 4*n - 5*g - 239 - 3 = 0. Let s = -6 - -351. What is the remainder when s is divided by n?
55
Suppose 3*s - 4*q = 14, 20 = 4*s - 5*q + 2. Calculate the remainder when 191 is divided by s/8 + 33/12.
2
Let d(w) = 3*w**3 + 3*w**2 - 2*w - 5. Let u be d(3). Let n = u + -54. What is the remainder when 299 is divided by n?
41
Let r(u) = -u**3 + 4*u**2 + 4*u - 17. Let g be r(3). Calculate the remainder when (0 - g)*216/(-32) is divided by 5.
2
Suppose 0 = -0*b - 2*b - 2. Let r(j) = -33*j**3 + j**2. Let x(a) = a**2 - 13*a - 23. What is the remainder when x(18) is divided by r(b)?
33
Let z be ((-18546)/99)/(4/(-30)). Suppose -1128 = -17*b + z. What is the remainder when b is divided by 46?
11
Suppose -u = -2*g - 30, -u + 18 = g - 0*g. Suppose 49*d - 1654 = -11*d + 2966. Calculate the remainder when d is divided by u.
11
Suppose -4*o = -5*o - 5*v + 29, -4*v = o - 31. What is the remainder when 4673/11 - 24/(-132) is divided by o?
35
Let z = 21 + -8. Suppose g - z = -5*w, -2*w + 4 = -6*w + 4*g. Calculate the remainder when 57 is divided by (1 + (-3)/w)/((-1)/30).
12
Suppose 0 = c + 3*h - 461, 218 = -5*c + 3*h + 2577. What is the remainder when c is divided by 128?
86
Suppose -17438 + 4838 = -175*x. Calculate the remainder when 92 is divided by x.
20
Suppose 5*d - 250 + 1495 = 3*s, -s - 5 = 0. Let l = -167 - d. What is the remainder when l is divided by 43?
42
Let v = 28 + -5. Suppose 18*f + 70 = v*f. Suppose 3*b = -9 + 84. What is the remainder when b is divided by f?
11
Let d = -88 + 395. Suppose -4*i + 108 = -0*i + 2*y, -4*y + 132 = 5*i. Calculate the remainder when d is divided by i.
27
Suppose -908*g + 8312 = -811*g - 612. Suppose -3*p = -2*h - h + 105, -144 = -4*h + 5*p. Calculate the remainder when g is divided by h.
30
Let w(n) = 4*n**2 + 2. Let g be w(-5). Suppose 4*l - g = -2*j, -2*l - j + 54 = j. Let b = -28 - -121. What is the remainder when b is divided by l?
21
Suppose 0 = 4*d - 27 - 13. Suppose 50 = -5*p + d*p. What is the remainder when 48 - 0 - (1 + -1) is divided by p?
8
Suppose 0 = 41*m + 3943 - 15095. Calculate the remainder when m is divided by 88.
8
Let i(c) = -4*c + 87. What is the remainder when 1547 is divided by i(-26)?
19
Let u(f) be the second derivative of f**3/6 + 23*f**2 - 3*f. What is the remainder when u(-31) is divided by 132/15 - 1/(-5)?
6
Let x(j) = -14 + 11*j - j**3 - 4*j + 5 - 8*j**2. Let s = -5507 + 5510. What is the remainder when x(-9) is divided by s?
0
Let s(b) = -44*b + 282. What is the remainder when 247 is divided by s(4)?
35
Let z = 6857 - -11787. What is the remainder when z is divided by 55?
54
Let b(p) = -3*p + 46. Let o(w) = 2*w**3 - 9*w**2 - 9*w - 5. Calculate the remainder when o(6) is divided by b(11).
10
Suppose 134*x - 3245 = 145*x. Let a = 416 + x. What is the remainder when a is divided by 16?
9
Suppose 4*n - 5*q = 37, 3*n - 3*q = 40 - 16. Calculate the remainder when n is divided by 2.
1
Let f be 0 + (-2)/2 + 3. Suppose 0 = -364*z + 11902 - 3530. What is the remainder when z is divided by (-2 + (f - 2))*-3?
5
Let p(n) = 7*n**3 - n**2 + 5*n + 7. Let s be p(4). Let d = 988 - s. Calculate the remainder when d is divided by 59.
57
Calculate the remainder when 792 is divided by -35*((-1680)/9408 + -1 + 6/8).
12
Let z(k) = k**2 + 6*k + 30. Let r be z(-10). Suppose -2*x = -r - 4. Suppose -81*o - x = -82*o. What is the remainder when 219 is divided by o?
34
Let u = 25 - 37. Let w(l) = -l**3 - 13*l**2 - 14*l - 2. Calculate the remainder when w(u) is divided by 12.
10
Let x(i) = 5*i - 9. Let c = -9991 - -10457. Calculate the remainder when c is divided by x(7).
24
Let t be (-3)/(-1)*(-3)/(-18)*-2. Let s be (12 + t)/(((-4)/3)/(-4)). Suppose -6*r = -5*r - s. Calculate the remainder when 97 is divided by r.
31
Let n(z) = -z**3 + 23*z**2 + 21*z - 2. Let m be n(-7). Let f = m + -1310. Let y(q) = 4*q**2 - 2*q - 3. What is the remainder when y(-3) is divided by f?
6
Let b(x) = -x**3 + 18*x**2 + 21*x - 368. Calculate the remainder when b(17) is divided by 28.
26
Suppose 123 = 2*v + 3*g, -2*v + 37 = 5*g - 96. Calculate the remainder when -108 + 86 + (-924)/(-6) is divided by v.
24
Suppose 7217 = 172*a + 681. What is the remainder when 518 is divided by a?
24
Let b = -9632 - -9725. Calculate the remainder when 97 is divided by b.
4
Let t(v) be the third derivative of v**5/30 - 3*v**4/4 + 19*v**3/2 - 79*v**2. Calculate the remainder when 39 is divided by t(6).
18
Calculate the remainder when (6992/(-69) - -4)*(110/(-8) - -4) is divided by 171.
94
Suppose 16*t - 49 - 303 = 0. What is the remainder when 182 is divided by t?
6
Let 